= 4*b. Let m = b + 2. Suppose 5*p = -m*t + 25, -t + 0*p = -5*p - 5. List the prime factors of t.
2, 5
Let x be 74/8 + (-1)/4. Let c = -2 + x. What are the prime factors of c?
7
Suppose -2*q - 2*q = 0. Let h be 2 - (-2 + q + 4). Suppose 0 = -3*f - h*f + 9. List the prime factors of f.
3
List the prime factors of ((-16)/(-12))/((-2)/(-129)).
2, 43
Suppose 1 = -2*v + 7, -4*s = 2*v - 14. Let z = -96 - -96. Suppose 0 = -5*g + x + 42, -4*g + s*x + 36 = -z*g. List the prime factors of g.
2
Suppose -4*x - r + 22 = 3, 0 = 4*x - 2*r - 22. Suppose -x*i + 10 = -5*z, 44 = -i + 5*i + 5*z. List the prime factors of i.
2, 3
Let y(s) = 3*s**2 + 4*s - 3. List the prime factors of y(2).
17
Let k(h) = h**3 - h**2 + 16. Let s(n) = -n. Let q be 0/2 - 0/1. Let d be s(q). List the prime factors of k(d).
2
Let l = -10 - -14. Suppose k - l*k + 63 = 0. What are the prime factors of k?
3, 7
Let d be (-2 - 1)/(3/(-2)). Let s be 3 - 1/(d - 3). Suppose 0 = w + 4*w - 5*i - 20, -s = w - 5*i. List the prime factors of w.
2, 3
Let o(i) = -i**2 + 14*i - 19. List the prime factors of o(9).
2, 13
Let a = 19 - -29. Suppose -4*u - a = -7*u. What are the prime factors of u?
2
Let w(d) be the third derivative of d**4/12 + d**3/6 + 7*d**2. List the prime factors of w(5).
11
Suppose -l + 4*l = 93. List the prime factors of l.
31
Let t be (-114)/(-27) + (-4)/18. Suppose t*c + 0 = 4. Suppose q - 2 - c = 0. List the prime factors of q.
3
Suppose s = -3*s - 16, 0 = -5*p + 5*s + 65. Let o = -2 + p. What are the prime factors of o?
7
Let y = 10 - 6. Let c = 4 + -1. Let z = y + c. What are the prime factors of z?
7
Suppose -3*g + 19 = 46. Let s be ((-15)/g)/(1/9). Suppose -4*n + 13 + s = 0. List the prime factors of n.
7
Let a = -44 + 71. What are the prime factors of a?
3
Suppose 0 = 2*w - 0*w - 10. List the prime factors of w.
5
Let z(l) = -l**3 + 13*l**2 + l + 7. Let d be z(13). Suppose -4*s = 5*x + d, -2*x - 4*s = -3*s + 11. Let j = x - -24. What are the prime factors of j?
2
Suppose -2*i = -j - 1 + 20, -3*j + 2 = 5*i. Suppose 7 = 4*x - 1. Suppose d = -x + j. List the prime factors of d.
7
Suppose -m + 0*m + 6 = 0. Let x = 21 - m. List the prime factors of x.
3, 5
Let b(x) = 60*x - 7. What are the prime factors of b(6)?
353
Suppose -5*y - 2 = -4*j - 2*y, -5*y - 8 = -2*j. Let v be (j - 1)*(-55)/10. Suppose -b = 3*b - k - 33, 3*b = -2*k + v. List the prime factors of b.
7
Let f = 185 - 106. What are the prime factors of f?
79
Let f = -5 - -9. Suppose -f*r = r - 5. Suppose -r = -h + 3. List the prime factors of h.
2
Let d = 25 - 4. What are the prime factors of d?
3, 7
Suppose 0 = -3*x + x + 82. Let y = -2 + x. What are the prime factors of y?
3, 13
Suppose 39 = 2*k - 35. List the prime factors of k.
37
Let c(j) = j + 6. Let k be c(0). Let m = 8 + k. Let v = m + -8. List the prime factors of v.
2, 3
Let x = -17 + 9. Suppose -4*u - 5 = t - 49, 0 = -2*u - 2*t + 16. Let a = x + u. What are the prime factors of a?
2
Let r = 12 + -21. Suppose 0 = 6*h - 4*h - 40. What are the prime factors of (r/(-6))/(2/h)?
3, 5
Let o(w) = 3*w - 23. Let v(h) = -h + 11. Let x(f) = -4*o(f) - 9*v(f). List the prime factors of x(-5).
2
Let g = -9 - -19. Let b be (-5)/(g/(-8))*-1. Let d = -2 - b. What are the prime factors of d?
2
Let v(x) = -14*x - 20. Let u(f) = -5*f - 7. Let d(q) = 8*u(q) - 3*v(q). Let a be d(-6). Let h = a - -20. What are the prime factors of h?
2, 3
Let b(k) = -k - k - 3 + 0*k + 3*k. Let q be b(4). Suppose q = 2*p - 5. What are the prime factors of p?
3
Let d be ((-2)/(-3))/(4/54). Suppose -v + z - 3 = -0, -z = 5*v - d. Let j(a) = 9*a**3 - a**2. List the prime factors of j(v).
2
Suppose 3*v = 5*o + 95, 100 = -5*o + 5*v - v. List the prime factors of o*(-3)/9*3.
2
Let l(x) = -36*x**3 + x + 1. Let y be l(-1). Let n = y + -18. List the prime factors of n.
2, 3
Let i be 8/2*76/8. Let g = -13 + i. List the prime factors of g.
5
Let d(v) = -v + 12 - 2 + 2*v. Let p be d(-8). Suppose 5*w = 5*q - 25, p*q - 4*w + 5*w - 16 = 0. What are the prime factors of q?
7
Let b(o) = 12 - 2*o + 3*o - 2*o. List the prime factors of b(6).
2, 3
Let w = 274 - 139. What are the prime factors of w?
3, 5
Let i be -1*3/(1 - 4). What are the prime factors of (-3)/(-6)*16/i?
2
Suppose k - 6 = -2*k + 3*m, 3*k - 5*m = -2. What are the prime factors of (10/(-3))/((-1)/k)?
2, 5
Let m(n) = n**2 + 2*n + 2. Let k be m(-3). Suppose 3*a = -w + 12, -7 + 38 = 4*w - k*a. List the prime factors of w.
3
Suppose 0 = 10*o - 6*o + 24. Let q(g) = g**3 + 8*g**2 + 9*g + 7. List the prime factors of q(o).
5
Let j = 35 + -16. What are the prime factors of j?
19
Let w(l) = -6*l + 2. Let x be w(3). Let r = 26 + x. List the prime factors of r.
2, 5
Let o be 5 + 6/3 + -3. List the prime factors of (o - 3)*-1 - -20.
19
Let v(i) = 2*i**3 + 4*i**2 + 13*i - 9. Let o(b) = -b**3 - 2*b**2 - 6*b + 4. Let f(d) = 9*o(d) + 4*v(d). What are the prime factors of f(-3)?
3, 5
Suppose 0*a - 9 = -3*a. Suppose -a*k + 30 = -15. What are the prime factors of k?
3, 5
Let m = 330 + -128. What are the prime factors of m?
2, 101
Suppose -62 = 3*t - 326. Let k = t + -44. List the prime factors of k.
2, 11
Let l(n) = -n**2 - 6*n - 2. Let p be l(-7). List the prime factors of (-4)/(-2)*p/(-6).
3
Suppose 32 = -0*l + 8*l. Suppose -4*u - 5*g + 8 = -g, 0 = -5*u + 3*g + 10. Suppose 14 = l*m - u. List the prime factors of m.
2
Let l(w) = 11*w + 23. List the prime factors of l(15).
2, 47
Suppose 4*t + 32 = 2*z - 18, 4*t + 5 = -z. Let k be (-2)/(-8) + z/4. What are the prime factors of k + 6 - (-1 - 1)?
2, 3
Let u be (-10)/(2*(-1)/21). Suppose u = 4*a + a. List the prime factors of a.
3, 7
Let u be 1/(-2 - (-14)/6). Suppose -5*i + 4*g - 47 = 0, 0 = i - u*g - 2*g + 1. Let h = 16 + i. What are the prime factors of h?
5
Suppose -3*t + 11 = 5*g, 4*g - 10 = 6. List the prime factors of (-27)/(-4)*(-8)/t.
2, 3
Let z be 15/((-1)/(3 + -2)). Let b = 1 - z. List the prime factors of b.
2
Suppose 5*j = -3*z - 2*z + 10, 5*j + z = 10. Suppose 2*u - 6 = -j*g, 0 = -5*g + 2*u + u + 15. List the prime factors of g.
3
Suppose 4*d - 2*t - 51 = 11, 5*t - 37 = -2*d. List the prime factors of (12/(-8))/((-3)/d).
2
Let m = 2 - 0. Let o = 7 + -5. Suppose h - o = m. What are the prime factors of h?
2
Let t be (12/8 + 0)*36. Let y = t - 35. What are the prime factors of y?
19
Let j be (-1)/(-1) + (-1 - -3). Suppose -6*l + j*l = -228. Suppose c = 5*c - l. List the prime factors of c.
19
Let g(t) = -9*t + 3. Let l be g(-3). Let i be l - 0 - (1 + 0). Suppose -19 = 2*h - 5*h + 2*k, 0 = 4*h + k - i. List the prime factors of h.
7
Suppose 0 = -2*z - 2*z + 48. Let a = z + -7. List the prime factors of a.
5
Suppose -3*g - 2*g = -4*a - 121, 0 = 5*a + 20. List the prime factors of g.
3, 7
Let k(d) = 6 + 4*d - 2 + 0. Let z be k(-4). What are the prime factors of -4*1*21/z?
7
Suppose 4*m + g = -3*g - 12, -5*m - 3 = 2*g. Let w be (-1 - (m - 3)) + 4. Suppose w*r + 32 = 3*y, 95 = 5*y + 4*r - 20. What are the prime factors of y?
19
Let d(p) = p**2 - p + 1. What are the prime factors of d(2)?
3
Let c(d) = 4*d**2 + d + 2. Let r be c(-2). What are the prime factors of (-1 - (-6)/4)*r?
2
Suppose -u + 0 + 3 = 0. Suppose 3*q + 9 = 5*l, l - 3*l = u*q - 12. Suppose 2*g + l*g = 50. What are the prime factors of g?
2, 5
Let r = -4 + 7. Let d(f) = 4*f**2 - 2*f + 1. Let c be d(1). List the prime factors of (-1)/c - (-16)/r.
5
Let f(h) = h**2 - h. Let b(p) = -6*p**2 + 22*p - 16. Let v(t) = b(t) + 5*f(t). List the prime factors of v(14).
2, 13
Suppose -g = g + 6. Let s = g - -5. Suppose -8 = j - s*j. What are the prime factors of j?
2
Suppose 4*y = 0, 0 = 2*z + 3*y - 8 - 2. What are the prime factors of z?
5
Let z = -2 + 43. List the prime factors of z.
41
Let x(v) = v + 7. Let d(o) = -1. Let p(i) = -4*d(i) - x(i). Let h be 4/(-6) - 57/9. What are the prime factors of p(h)?
2
Let m(a) = -a**3 + 7*a**2 - 5*a + 6. Let d be m(5). Suppose 5*l = 19 + d. Suppose 3*c = -3*h + 39, -h = 3*c - 29 - l. What are the prime factors of c?
13
What are the prime factors of ((-18)/(-27))/((-4)/(-138))?
23
Suppose 5*q - 4*v - 423 = 0, 0 = 4*q - 0*v + 2*v - 354. Let a = q + -46. List the prime factors of a.
41
Let n(b) = -49*b**3 + 2*b + 1. What are the prime factors of n(-1)?
2, 3
Let q = 37 - 21. Let y = 1 + -1. Suppose -a - 5 + q = y. What are the prime f